{"id":13,"date":"2015-07-27T22:38:34","date_gmt":"2015-07-27T22:38:34","guid":{"rendered":"http:\/\/localhost\/portosuites\/?page_id=13"},"modified":"2015-09-15T13:29:56","modified_gmt":"2015-09-15T13:29:56","slug":"destino","status":"publish","type":"page","link":"https:\/\/portosuitesnatalhotel.com.br\/index.php\/pt\/destino\/","title":{"rendered":"Localiza\u00e7\u00e3o"},"content":{"rendered":"<p style=\"text-align: justify;\"><strong>NATAL \/ RN<\/strong><\/p>\n<p style=\"text-align: justify;\"><strong>Natal<\/strong>, capital do Estado do Rio Grande do Norte, foi fundada em 1599 \u00e0s margens do Rio Potengi.\u00a0\u00c9 conhecida por suas belezas naturais, lindas praias, dunas, lagoas e coqueiros. Disp\u00f5e de museus e monumentos como o Forte dos Reis Magos, o bairro da Ribeira &#8211; onde a cidade desabrochou &#8211; al\u00e9m de teatros e Casas de Shows Culturais. Se preferir, ainda existem modernos shoppings centers para divertir-se fazendo compras.<\/p>\n<p style=\"text-align: justify;\">\u00c9 tamb\u00e9m conhecida como Cidade do Sol, porque o sol brilha durante o ano todo e s\u00f3 descansa nos per\u00edodos de chuva entre mar\u00e7o e julho. Al\u00e9m dessas vantagens, Natal \u00e9 considerada a cidade que possui o ar mais puro da Am\u00e9rica do Sul e possui um dos mais belos litorais do Brasil, que se estende por mais de 400 Kms e um povo hospitaleiro que recebe os visitantes de bra\u00e7os abertos.<\/p>\n<p style=\"text-align: justify;\"><strong>Praia dos Artistas<\/strong><\/p>\n<p style=\"text-align: justify;\">Localizada a cinco minutos do centro de Natal, a Praia dos Artistas possui mar agitado, boa para a pr\u00e1tica do surf. \u00c9 famosa por abrigar dois centros de artesanatos. O acesso a Praia pode ser feito pela Av. Hermes da Fonseca, ou pela Via Costeira. Da Ladeira do Sol pode-se vislumbrar um dos mais belos cart\u00f5es postais da cidade, as praias dos Artistas, do Meio, Forte e a Fortaleza dos Reis Magos.<\/p>\n<p><iframe src=\"https:\/\/www.google.com\/maps\/embed?pb=!1m18!1m12!1m3!1d3969.5314154340203!2d-35.193558399999986!3d-5.780336999999993!2m3!1f0!2f0!3f0!3m2!1i1024!2i768!4f13.1!3m3!1m2!1s0x7b300681a91ee3b%3A0x2c033f4b154affff!2sPorto+Su%C3%ADtes!5e0!3m2!1spt-BR!2sbr!4v1442323425351\" width=\"100%\" height=\"450\" frameborder=\"0\" style=\"border:0\" allowfullscreen><\/iframe><\/p>\n<div id=\"small-slideshow\" class=\"carousel slide\" data-ride=\"carousel\">\n    <h2 class=\"title\">Fotos<\/h2>\n<div id=\"gallery\">\n    <div class=\"row\">\n        <div class=\"col-xs-12\">\n            <div class=\"gallery-controls\">\n                <a class=\"gallery-control left\" href=\"#small-slideshow\" role=\"button\" data-slide=\"prev\">\n                    <img src=\"https:\/\/portosuitesnatalhotel.com.br\/wp-content\/themes\/portosuites\/images\/gallery-control-l.png\" alt=\"Anterior\">\n                <\/a>\n                <a class=\"gallery-control right\" href=\"#small-slideshow\" role=\"button\" data-slide=\"next\">\n                    <img src=\"https:\/\/portosuitesnatalhotel.com.br\/wp-content\/themes\/portosuites\/images\/gallery-control-r.png\" alt=\"Pr\u00f3ximo\">\n                <\/a>\n            <\/div>\n        <\/div>\n    <\/div>\n\n    <div class=\"carousel-inner\" role=\"listbox\">\n                            <div class=\"row item active\">\n                                    <div class=\"col-xs-3 thumbnail\">\n                        <a class=\"magnific\" href=\"https:\/\/portosuitesnatalhotel.com.br\/wp-content\/uploads\/2015\/07\/VIA-COSTEIRA1.jpg\">\n                            <div class=\"overlay\">\n    <img width=\"134\" height=\"137\" src=\"https:\/\/portosuitesnatalhotel.com.br\/wp-content\/themes\/portosuites\/images\/overlay.png\">\n<\/div>                            <img src=\"https:\/\/portosuitesnatalhotel.com.br\/wp-content\/uploads\/2015\/07\/VIA-COSTEIRA1-189x157.jpg\" width=\"189\" height=\"157\">\n                        <\/a>\n                    <\/div>\n                                    <div class=\"col-xs-3 thumbnail\">\n                        <a class=\"magnific\" href=\"https:\/\/portosuitesnatalhotel.com.br\/wp-content\/uploads\/2015\/07\/TEATRO1.jpg\">\n                            <div class=\"overlay\">\n    <img width=\"134\" height=\"137\" src=\"https:\/\/portosuitesnatalhotel.com.br\/wp-content\/themes\/portosuites\/images\/overlay.png\">\n<\/div>                            <img src=\"https:\/\/portosuitesnatalhotel.com.br\/wp-content\/uploads\/2015\/07\/TEATRO1-189x157.jpg\" width=\"189\" height=\"157\">\n                        <\/a>\n                    <\/div>\n                                    <div class=\"col-xs-3 thumbnail\">\n                        <a class=\"magnific\" href=\"https:\/\/portosuitesnatalhotel.com.br\/wp-content\/uploads\/2015\/07\/PRAIA-DOS-ARTISTAS1.jpg\">\n                            <div class=\"overlay\">\n    <img width=\"134\" height=\"137\" src=\"https:\/\/portosuitesnatalhotel.com.br\/wp-content\/themes\/portosuites\/images\/overlay.png\">\n<\/div>                            <img src=\"https:\/\/portosuitesnatalhotel.com.br\/wp-content\/uploads\/2015\/07\/PRAIA-DOS-ARTISTAS1-189x157.jpg\" width=\"189\" height=\"157\">\n                        <\/a>\n                    <\/div>\n                                    <div class=\"col-xs-3 thumbnail\">\n                        <a class=\"magnific\" href=\"https:\/\/portosuitesnatalhotel.com.br\/wp-content\/uploads\/2015\/07\/PRAIA-DOS-A1.jpg\">\n                            <div class=\"overlay\">\n    <img width=\"134\" height=\"137\" src=\"https:\/\/portosuitesnatalhotel.com.br\/wp-content\/themes\/portosuites\/images\/overlay.png\">\n<\/div>                            <img src=\"https:\/\/portosuitesnatalhotel.com.br\/wp-content\/uploads\/2015\/07\/PRAIA-DOS-A1-189x157.jpg\" width=\"189\" height=\"157\">\n                        <\/a>\n                    <\/div>\n                            <\/div>\n                    <div class=\"row item\">\n                                    <div class=\"col-xs-3 thumbnail\">\n                        <a class=\"magnific\" href=\"https:\/\/portosuitesnatalhotel.com.br\/wp-content\/uploads\/2015\/07\/PARQUE1.jpg\">\n                            <div class=\"overlay\">\n    <img width=\"134\" height=\"137\" src=\"https:\/\/portosuitesnatalhotel.com.br\/wp-content\/themes\/portosuites\/images\/overlay.png\">\n<\/div>                            <img src=\"https:\/\/portosuitesnatalhotel.com.br\/wp-content\/uploads\/2015\/07\/PARQUE1-189x157.jpg\" width=\"189\" height=\"157\">\n                        <\/a>\n                    <\/div>\n                                    <div class=\"col-xs-3 thumbnail\">\n                        <a class=\"magnific\" href=\"https:\/\/portosuitesnatalhotel.com.br\/wp-content\/uploads\/2015\/07\/NATAL1.jpg\">\n                            <div class=\"overlay\">\n    <img width=\"134\" height=\"137\" src=\"https:\/\/portosuitesnatalhotel.com.br\/wp-content\/themes\/portosuites\/images\/overlay.png\">\n<\/div>                            <img src=\"https:\/\/portosuitesnatalhotel.com.br\/wp-content\/uploads\/2015\/07\/NATAL1-189x157.jpg\" width=\"189\" height=\"157\">\n                        <\/a>\n                    <\/div>\n                                    <div class=\"col-xs-3 thumbnail\">\n                        <a class=\"magnific\" href=\"https:\/\/portosuitesnatalhotel.com.br\/wp-content\/uploads\/2015\/07\/NATAL1.jpeg\">\n                            <div class=\"overlay\">\n    <img width=\"134\" height=\"137\" src=\"https:\/\/portosuitesnatalhotel.com.br\/wp-content\/themes\/portosuites\/images\/overlay.png\">\n<\/div>                            <img src=\"https:\/\/portosuitesnatalhotel.com.br\/wp-content\/uploads\/2015\/07\/NATAL1-189x157.jpeg\" width=\"189\" height=\"157\">\n                        <\/a>\n                    <\/div>\n                                    <div class=\"col-xs-3 thumbnail\">\n                        <a class=\"magnific\" href=\"https:\/\/portosuitesnatalhotel.com.br\/wp-content\/uploads\/2015\/07\/NATAL-FortalezaReisMagos1.jpg\">\n                            <div class=\"overlay\">\n    <img width=\"134\" height=\"137\" src=\"https:\/\/portosuitesnatalhotel.com.br\/wp-content\/themes\/portosuites\/images\/overlay.png\">\n<\/div>                            <img src=\"https:\/\/portosuitesnatalhotel.com.br\/wp-content\/uploads\/2015\/07\/NATAL-FortalezaReisMagos1-189x157.jpg\" width=\"189\" height=\"157\">\n                        <\/a>\n                    <\/div>\n                            <\/div>\n                    <div class=\"row item\">\n                                    <div class=\"col-xs-3 thumbnail\">\n                        <a class=\"magnific\" href=\"https:\/\/portosuitesnatalhotel.com.br\/wp-content\/uploads\/2015\/07\/NATAL-PONTE1.jpeg\">\n                            <div class=\"overlay\">\n    <img width=\"134\" height=\"137\" src=\"https:\/\/portosuitesnatalhotel.com.br\/wp-content\/themes\/portosuites\/images\/overlay.png\">\n<\/div>                            <img src=\"https:\/\/portosuitesnatalhotel.com.br\/wp-content\/uploads\/2015\/07\/NATAL-PONTE1-189x157.jpeg\" width=\"189\" height=\"157\">\n                        <\/a>\n                    <\/div>\n                                    <div class=\"col-xs-3 thumbnail\">\n                        <a class=\"magnific\" href=\"https:\/\/portosuitesnatalhotel.com.br\/wp-content\/uploads\/2015\/07\/FAROL1.jpg\">\n                            <div class=\"overlay\">\n    <img width=\"134\" height=\"137\" src=\"https:\/\/portosuitesnatalhotel.com.br\/wp-content\/themes\/portosuites\/images\/overlay.png\">\n<\/div>                            <img src=\"https:\/\/portosuitesnatalhotel.com.br\/wp-content\/uploads\/2015\/07\/FAROL1-189x157.jpg\" width=\"189\" height=\"157\">\n                        <\/a>\n                    <\/div>\n                                    <div class=\"col-xs-3 thumbnail\">\n                        <a class=\"magnific\" href=\"https:\/\/portosuitesnatalhotel.com.br\/wp-content\/uploads\/2015\/07\/901.jpeg\">\n                            <div class=\"overlay\">\n    <img width=\"134\" height=\"137\" src=\"https:\/\/portosuitesnatalhotel.com.br\/wp-content\/themes\/portosuites\/images\/overlay.png\">\n<\/div>                            <img src=\"https:\/\/portosuitesnatalhotel.com.br\/wp-content\/uploads\/2015\/07\/901-189x157.jpeg\" width=\"189\" height=\"157\">\n                        <\/a>\n                    <\/div>\n                                    <div class=\"col-xs-3 thumbnail\">\n                        <a class=\"magnific\" href=\"https:\/\/portosuitesnatalhotel.com.br\/wp-content\/uploads\/2015\/07\/891.jpeg\">\n                            <div class=\"overlay\">\n    <img width=\"134\" height=\"137\" src=\"https:\/\/portosuitesnatalhotel.com.br\/wp-content\/themes\/portosuites\/images\/overlay.png\">\n<\/div>                            <img src=\"https:\/\/portosuitesnatalhotel.com.br\/wp-content\/uploads\/2015\/07\/891-189x157.jpeg\" width=\"189\" height=\"157\">\n                        <\/a>\n                    <\/div>\n                            <\/div>\n                    <div class=\"row item\">\n                                    <div class=\"col-xs-3 thumbnail\">\n                        <a class=\"magnific\" href=\"https:\/\/portosuitesnatalhotel.com.br\/wp-content\/uploads\/2015\/07\/Sal_o-2.jpg\">\n                            <div class=\"overlay\">\n    <img width=\"134\" height=\"137\" src=\"https:\/\/portosuitesnatalhotel.com.br\/wp-content\/themes\/portosuites\/images\/overlay.png\">\n<\/div>                            <img src=\"https:\/\/portosuitesnatalhotel.com.br\/wp-content\/uploads\/2015\/07\/Sal_o-2-189x157.jpg\" width=\"189\" height=\"157\">\n                        <\/a>\n                    <\/div>\n                            <\/div>\n            <\/div>\n<\/div><\/div>\n<p>&nbsp;<\/p>\n<p>&nbsp;<\/p>\n<p>&nbsp;<\/p>\n","protected":false},"excerpt":{"rendered":"<p>NATAL \/ RN Natal, capital do Estado do Rio Grande do Norte, foi fundada em 1599 \u00e0s margens do Rio Potengi.\u00a0\u00c9 conhecida por suas belezas naturais, lindas praias, dunas, lagoas e coqueiros. Disp\u00f5e de museus e monumentos como o Forte dos Reis Magos, o bairro da Ribeira &#8211; onde a cidade desabrochou &#8211; al\u00e9m de [&hellip;]<\/p>\n","protected":false},"author":1,"featured_media":0,"parent":0,"menu_order":0,"comment_status":"closed","ping_status":"closed","template":"","meta":[],"_links":{"self":[{"href":"https:\/\/portosuitesnatalhotel.com.br\/index.php\/wp-json\/wp\/v2\/pages\/13"}],"collection":[{"href":"https:\/\/portosuitesnatalhotel.com.br\/index.php\/wp-json\/wp\/v2\/pages"}],"about":[{"href":"https:\/\/portosuitesnatalhotel.com.br\/index.php\/wp-json\/wp\/v2\/types\/page"}],"author":[{"embeddable":true,"href":"https:\/\/portosuitesnatalhotel.com.br\/index.php\/wp-json\/wp\/v2\/users\/1"}],"replies":[{"embeddable":true,"href":"https:\/\/portosuitesnatalhotel.com.br\/index.php\/wp-json\/wp\/v2\/comments?post=13"}],"version-history":[{"count":17,"href":"https:\/\/portosuitesnatalhotel.com.br\/index.php\/wp-json\/wp\/v2\/pages\/13\/revisions"}],"predecessor-version":[{"id":220,"href":"https:\/\/portosuitesnatalhotel.com.br\/index.php\/wp-json\/wp\/v2\/pages\/13\/revisions\/220"}],"wp:attachment":[{"href":"https:\/\/portosuitesnatalhotel.com.br\/index.php\/wp-json\/wp\/v2\/media?parent=13"}],"curies":[{"name":"wp","href":"https:\/\/api.w.org\/{rel}","templated":true}]}}