{"id":11,"date":"2015-07-27T22:38:21","date_gmt":"2015-07-27T22:38:21","guid":{"rendered":"http:\/\/localhost\/portosuites\/?page_id=11"},"modified":"2019-08-06T15:04:24","modified_gmt":"2019-08-06T18:04:24","slug":"eventos","status":"publish","type":"page","link":"https:\/\/portosuitesnatalhotel.com.br\/index.php\/pt\/eventos\/","title":{"rendered":"Eventos"},"content":{"rendered":"<div id=\"small-slideshow\" class=\"carousel slide\" data-ride=\"carousel\">\n    <h2 class=\"title\">Fotos<\/h2>\n<div id=\"gallery\">\n    <div class=\"row\">\n        <div class=\"col-xs-12\">\n            <div class=\"gallery-controls\">\n                <a class=\"gallery-control left\" href=\"#small-slideshow\" role=\"button\" data-slide=\"prev\">\n                    <img src=\"https:\/\/portosuitesnatalhotel.com.br\/wp-content\/themes\/portosuites\/images\/gallery-control-l.png\" alt=\"Anterior\">\n                <\/a>\n                <a class=\"gallery-control right\" href=\"#small-slideshow\" role=\"button\" data-slide=\"next\">\n                    <img src=\"https:\/\/portosuitesnatalhotel.com.br\/wp-content\/themes\/portosuites\/images\/gallery-control-r.png\" alt=\"Pr\u00f3ximo\">\n                <\/a>\n            <\/div>\n        <\/div>\n    <\/div>\n\n    <div class=\"carousel-inner\" role=\"listbox\">\n                            <div class=\"row item active\">\n                                    <div class=\"col-xs-3 thumbnail\">\n                        <a class=\"magnific\" href=\"https:\/\/portosuitesnatalhotel.com.br\/wp-content\/uploads\/2015\/07\/Sala\u0303o-3b.jpg\">\n                            <div class=\"overlay\">\n    <img width=\"134\" height=\"137\" src=\"https:\/\/portosuitesnatalhotel.com.br\/wp-content\/themes\/portosuites\/images\/overlay.png\">\n<\/div>                            <img src=\"https:\/\/portosuitesnatalhotel.com.br\/wp-content\/uploads\/2015\/07\/Sala\u0303o-3b-189x157.jpg\" width=\"189\" height=\"157\">\n                        <\/a>\n                    <\/div>\n                                    <div class=\"col-xs-3 thumbnail\">\n                        <a class=\"magnific\" href=\"https:\/\/portosuitesnatalhotel.com.br\/wp-content\/uploads\/2015\/07\/Sala\u0303o.jpg\">\n                            <div class=\"overlay\">\n    <img width=\"134\" height=\"137\" src=\"https:\/\/portosuitesnatalhotel.com.br\/wp-content\/themes\/portosuites\/images\/overlay.png\">\n<\/div>                            <img src=\"https:\/\/portosuitesnatalhotel.com.br\/wp-content\/uploads\/2015\/07\/Sala\u0303o-189x157.jpg\" width=\"189\" height=\"157\">\n                        <\/a>\n                    <\/div>\n                                    <div class=\"col-xs-3 thumbnail\">\n                        <a class=\"magnific\" href=\"https:\/\/portosuitesnatalhotel.com.br\/wp-content\/uploads\/2015\/07\/0SALA\u0303O-DE-EVENTOS.jpg\">\n                            <div class=\"overlay\">\n    <img width=\"134\" height=\"137\" src=\"https:\/\/portosuitesnatalhotel.com.br\/wp-content\/themes\/portosuites\/images\/overlay.png\">\n<\/div>                            <img src=\"https:\/\/portosuitesnatalhotel.com.br\/wp-content\/uploads\/2015\/07\/0SALA\u0303O-DE-EVENTOS-189x157.jpg\" width=\"189\" height=\"157\">\n                        <\/a>\n                    <\/div>\n                            <\/div>\n            <\/div>\n<\/div><\/div>\n<p style=\"text-align: justify;\">Dispomos de sala para eventos, de empresas, t\u00e9cnicos ou cient\u00edficos, na capacidade que se segue:<br \/>\n&#8211; 6,80m x 7,20m &#8211; P\u00e9 direito: 3,40m<\/p>\n<p style=\"text-align: justify;\">AUDIT\u00d3RIO &#8211; 50 PESSOAS<\/p>\n<p style=\"text-align: justify;\">ESCOLAR &#8211; 50 PESSOAS, CADEIRAS COM PRANCHETAS.<\/p>\n<p style=\"text-align: justify;\">** Outras montagens e hor\u00e1rios a partir de consulta.<\/p>\n<p style=\"text-align: justify;\">Fa\u00e7a seu or\u00e7amento conosco.<br \/>\nE-mail: reservas@portosuitesnatalhotel.com.br<\/p>\n<p>&nbsp;<\/p>\n<p><!-- <a href=\"http:\/\/hospedam3.com.br\/portosuites\/wp-content\/uploads\/2015\/07\/Sal_o-2.jpg\"><img loading=\"lazy\" class=\"alignnone size-full wp-image-159\" src=\"http:\/\/hospedam3.com.br\/portosuites\/wp-content\/uploads\/2015\/07\/Sal_o-2.jpg\" alt=\"Sal_o 2\" width=\"365\" height=\"220\" \/><\/a> --><\/p>\n","protected":false},"excerpt":{"rendered":"<p>Dispomos de sala para eventos, de empresas, t\u00e9cnicos ou cient\u00edficos, na capacidade que se segue: &#8211; 6,80m x 7,20m &#8211; P\u00e9 direito: 3,40m AUDIT\u00d3RIO &#8211; 50 PESSOAS ESCOLAR &#8211; 50 PESSOAS, CADEIRAS COM PRANCHETAS. ** Outras montagens e hor\u00e1rios a partir de consulta. Fa\u00e7a seu or\u00e7amento conosco. E-mail: reservas@portosuitesnatalhotel.com.br &nbsp;<\/p>\n","protected":false},"author":1,"featured_media":0,"parent":0,"menu_order":0,"comment_status":"closed","ping_status":"closed","template":"","meta":[],"_links":{"self":[{"href":"https:\/\/portosuitesnatalhotel.com.br\/index.php\/wp-json\/wp\/v2\/pages\/11"}],"collection":[{"href":"https:\/\/portosuitesnatalhotel.com.br\/index.php\/wp-json\/wp\/v2\/pages"}],"about":[{"href":"https:\/\/portosuitesnatalhotel.com.br\/index.php\/wp-json\/wp\/v2\/types\/page"}],"author":[{"embeddable":true,"href":"https:\/\/portosuitesnatalhotel.com.br\/index.php\/wp-json\/wp\/v2\/users\/1"}],"replies":[{"embeddable":true,"href":"https:\/\/portosuitesnatalhotel.com.br\/index.php\/wp-json\/wp\/v2\/comments?post=11"}],"version-history":[{"count":8,"href":"https:\/\/portosuitesnatalhotel.com.br\/index.php\/wp-json\/wp\/v2\/pages\/11\/revisions"}],"predecessor-version":[{"id":612,"href":"https:\/\/portosuitesnatalhotel.com.br\/index.php\/wp-json\/wp\/v2\/pages\/11\/revisions\/612"}],"wp:attachment":[{"href":"https:\/\/portosuitesnatalhotel.com.br\/index.php\/wp-json\/wp\/v2\/media?parent=11"}],"curies":[{"name":"wp","href":"https:\/\/api.w.org\/{rel}","templated":true}]}}